{"id":23,"date":"2023-10-29T12:10:46","date_gmt":"2023-10-29T11:10:46","guid":{"rendered":"https:\/\/sopockidomsopot.pl\/?page_id=23"},"modified":"2024-10-13T20:41:27","modified_gmt":"2024-10-13T18:41:27","slug":"o-nas","status":"publish","type":"page","link":"https:\/\/sopockidomsopot.pl\/","title":{"rendered":"O nas"},"content":{"rendered":"<div class=\"x9f619 x1n2onr6 x1ja2u2z x78zum5 x2lah0s x1qughib x1qjc9v5 xozqiw3 x1q0g3np x1pi30zi x1swvt13 xyamay9 xykv574 xbmpl8g x4cne27 xifccgj\">\n<div class=\"x9f619 x1n2onr6 x1ja2u2z x78zum5 xdt5ytf x193iq5w xeuugli x1r8uery x1iyjqo2 xs83m0k xsyo7zv x16hj40l x10b6aqq x1yrsyyn\">\n<h1 class=\"x2b8uid x80vd3b x1q0q8m5 xso031l x1l90r2v\" style=\"text-align: center;\"><span class=\"x193iq5w xeuugli x13faqbe x1vvkbs x1xmvt09 x1lliihq x1s928wv xhkezso x1gmr53x x1cpjm7i x1fgarty x1943h6x xudqn12 x3x7a5m x6prxxf xvq8zen xo1l8bm xzsf02u\" dir=\"auto\">Jeste\u015bmy Plac\u00f3wk\u0105 Wsparcia Dziennego dla dzieci i m\u0142odzie\u017cy <\/span><span class=\"x193iq5w xeuugli x13faqbe x1vvkbs x1xmvt09 x1lliihq x1s928wv xhkezso x1gmr53x x1cpjm7i x1fgarty x1943h6x xudqn12 x3x7a5m x6prxxf xvq8zen xo1l8bm xzsf02u\" dir=\"auto\">dzia\u0142aj\u0105c\u0105<br \/>\nna terenie Sopotu ponad 30 lat<\/span><\/h1>\n<\/div>\n<\/div>\n<div class=\"x9f619 x1n2onr6 x1ja2u2z x78zum5 x2lah0s x1qughib x1qjc9v5 xozqiw3 x1q0g3np x1pi30zi x1swvt13 xyamay9 xykv574 xbmpl8g x4cne27 xifccgj\">\n<div class=\"x9f619 x1n2onr6 x1ja2u2z x78zum5 xdt5ytf x193iq5w xeuugli x1r8uery x1iyjqo2 xs83m0k xsyo7zv x16hj40l x10b6aqq x1yrsyyn\">\n<h1 class=\"x9f619 x1n2onr6 x1ja2u2z x78zum5 x2lah0s x1nhvcw1 x1qjc9v5 xozqiw3 x1q0g3np xexx8yu xykv574 xbmpl8g x4cne27 xifccgj\"><\/h1>\n<\/div>\n<\/div>\n\n\n<p class=\"has-text-align-center\">Stowarzyszenie \u201eSopocki Dom\u201d od 33 lat prowadzi na terenie Sopotu dzia\u0142alno\u015b\u0107 opieku\u0144czo \u2013 wychowawcz\u0105. Misj\u0105 tego miejsca jest niesienie wsparcia w plac\u00f3wce wsparcia dziennego dla dzieci i m\u0142odzie\u017cy z rodzin zagro\u017conych wykluczeniem spo\u0142ecznym. Podejmujemy dzia\u0142ania, kt\u00f3re maj\u0105 za zadanie wp\u0142yn\u0105\u0107 na popraw\u0119 sytuacji podopiecznych Stowarzyszenia.<\/p>\n\n\n\n<p class=\"has-text-align-center\">Nasza codzienna praca jest skoncentrowana na budowaniu prawid\u0142owych relacji w oparciu o empati\u0119, zaufanie i dialog. Szczeg\u00f3lnie wa\u017cnym aspektem s\u0105 tworz\u0105ce si\u0119 wi\u0119zi i towarzyszenie dzieciom w codziennej drodze do doros\u0142o\u015bci.<\/p>\n","protected":false},"excerpt":{"rendered":"<p>Jeste\u015bmy Plac\u00f3wk\u0105 Wsparcia Dziennego dla dzieci i m\u0142odzie\u017cy dzia\u0142aj\u0105c\u0105 na terenie Sopotu ponad 30 lat Stowarzyszenie \u201eSopocki Dom\u201d od 33 lat prowadzi na terenie Sopotu dzia\u0142alno\u015b\u0107 opieku\u0144czo \u2013 wychowawcz\u0105. Misj\u0105 tego miejsca jest niesienie wsparcia w plac\u00f3wce wsparcia dziennego dla dzieci i m\u0142odzie\u017cy z rodzin zagro\u017conych wykluczeniem spo\u0142ecznym. Podejmujemy dzia\u0142ania, kt\u00f3re maj\u0105 za zadanie wp\u0142yn\u0105\u0107 [&hellip;]<\/p>\n","protected":false},"author":1,"featured_media":0,"parent":0,"menu_order":0,"comment_status":"closed","ping_status":"closed","template":"","meta":{"footnotes":""},"class_list":["post-23","page","type-page","status-publish","hentry","post"],"_links":{"self":[{"href":"https:\/\/sopockidomsopot.pl\/index.php?rest_route=\/wp\/v2\/pages\/23","targetHints":{"allow":["GET"]}}],"collection":[{"href":"https:\/\/sopockidomsopot.pl\/index.php?rest_route=\/wp\/v2\/pages"}],"about":[{"href":"https:\/\/sopockidomsopot.pl\/index.php?rest_route=\/wp\/v2\/types\/page"}],"author":[{"embeddable":true,"href":"https:\/\/sopockidomsopot.pl\/index.php?rest_route=\/wp\/v2\/users\/1"}],"replies":[{"embeddable":true,"href":"https:\/\/sopockidomsopot.pl\/index.php?rest_route=%2Fwp%2Fv2%2Fcomments&post=23"}],"version-history":[{"count":3,"href":"https:\/\/sopockidomsopot.pl\/index.php?rest_route=\/wp\/v2\/pages\/23\/revisions"}],"predecessor-version":[{"id":95,"href":"https:\/\/sopockidomsopot.pl\/index.php?rest_route=\/wp\/v2\/pages\/23\/revisions\/95"}],"wp:attachment":[{"href":"https:\/\/sopockidomsopot.pl\/index.php?rest_route=%2Fwp%2Fv2%2Fmedia&parent=23"}],"curies":[{"name":"wp","href":"https:\/\/api.w.org\/{rel}","templated":true}]}}